et h(w) be the third derivative of w**4/6 - 5*w**3/6 + 49*w**2 + 39. What is h(m)?
19
Let m be 147/(-2)*1/6*-8. Let k = m + -78. Let s(l) = 11 - k - l**2 + 12 - 4*l. Determine s(-4).
3
Let x(j) = j**2. Let c(b) = -6*b**2 + 16*b - 2. Let q(g) = 6*g**2 - 17*g + 3. Let w(s) = 4*c(s) + 3*q(s). Let i(k) = w(k) + 5*x(k). Calculate i(13).
1
Let a(f) be the second derivative of -f**3/2 + 14*f**2 - 17*f. Let c be a(8). Suppose 4*l = 3*x + c, 2*x - 2 + 0 = 5*l. Let j(r) = r**2 + 2*r + 1. Give j(x).
9
Let h = 5296 + -5290. Let y(d) = -20*d + 109. What is y(h)?
-11
Let t be 209/55 + (-1)/(-5). Let n(w) = -w**2 + 7*w + 2. Let u(x) = -x**2 + 8*x + 1. Let q(c) = t*u(c) - 3*n(c). What is q(5)?
28
Let a(u) = -5*u - 57. Let v(w) = -w**2 - 25*w + 138. Let b be v(-30). Give a(b).
3
Let n(f) = 7*f**2 + 85*f + 27. Let x be n(-12). Let z(p) = 23*p - 348. Determine z(x).
-3
Suppose 3*n - 5*j - 48 - 608 = 0, -3*j = 4*n - 836. Let r = n - 218. Let f(c) = -c**3 - 7*c**2 - 4*c + 5. Calculate f(r).
-7
Let a(j) be the second derivative of 1/2*j**2 - 11*j + 1/3*j**3 + 3. Suppose 0*f - f - 6 = -3*c, 4*f + 2*c - 32 = 0. What is a(f)?
13
Let d(h) = -17*h**3 - 29*h**2 - 2*h - 7. Let w(p) = 10*p**3 + 16*p**2 + p + 3. Let v(y) = 3*d(y) + 5*w(y). Let t = 43 + -50. Calculate v(t).
1
Let w = 679 - 676. Let r(x) = -9. Let d(u) = u - 8. Let h(c) = w*r(c) - 2*d(c). What is h(-4)?
-3
Let h(o) be the third derivative of -o**5/60 - 7*o**4/12 - 17*o**3/6 - 742*o**2. Determine h(-12).
7
Suppose 8*o - 650 + 618 = 0. Let r(k) = -3*k + 8. Let n(c) = -8*c + 25. Let s(q) = o*n(q) - 11*r(q). What is s(-7)?
5
Suppose -4*v = -28 - 4. Let t(l) = v*l - 15 + l**2 - 15 + 20. Determine t(-9).
-1
Let d(o) = o**2 - 6*o - 43. Let h be d(-6). Let l = 27 - h. Let n(i) = -10*i - 3. Calculate n(l).
17
Let n(s) = -4*s - 1. Let j = 15581 + -15575. Give n(j).
-25
Let t(c) = 5*c - 7. Let u = 177 - 176. Let l(b) = -b + 2. Let g(o) = u*t(o) + 4*l(o). Let z(v) = v**3 + 2*v**2 + v - 1. Let x be z(-2). Determine g(x).
-2
Let f(j) = 4*j - 4 - 1 - 11*j - 2*j**2. Suppose 3*d = 4*y + d + 140, 2*y = -d - 70. Let v = y - -31. Determine f(v).
-9
Let c(o) be the third derivative of -3/20*o**5 - 1/6*o**3 + 0 + 1/120*o**6 + 5/12*o**4 + 0*o - 38*o**2. Give c(8).
15
Let b(l) be the second derivative of l**5/20 + 9*l**4/4 + 13*l**2/2 + l + 54. Determine b(-27).
13
Suppose 3*t - 68 + 51 = b, -t = 5*b - 11. Let u(a) = -a**3 - 8*a**2 + a**2 + 0*a**3 + 2 + 2*a**3 + 8*a. Calculate u(t).
14
Let c(b) = 6 + b**2 - 4 - 4*b + 2*b. Suppose -4*f - 20 = 0, 2*d - 5*f + 6*f - 105 = 0. Suppose 7*o = 69 - d. What is c(o)?
2
Let y(o) be the second derivative of 5/6*o**4 - 9*o + 11/2*o**2 - 5/3*o**3 - 1/20*o**5 + 0. Let l(b) = -b + 32. Let c be l(23). What is y(c)?
2
Let h(j) = -j**3 - 7*j**2 - j + 1. Suppose 47 = 2*p + 131. Let z = -69 - p. Let w = 20 + z. What is h(w)?
8
Let o(r) = 3*r + 2. Let w(u) = -4*u - 3. Let q(v) = -3*o(v) - 2*w(v). Suppose -a + 11 = -t, -4*a + 5*t - 10*t = -62. Suppose -a*g + 20*g - 49 = 0. What is q(g)?
-7
Suppose -57*k + 49*k = 0. Let w(r) = -45*r - 49*r + 4 + 95*r + k. What is w(-3)?
1
Let c(h) be the third derivative of h**5/12 + h**4/12 + h**3/6 - 3*h**2. Let r be (-2080)/975 + 12/90. Give c(r).
17
Let c(z) = z**3 - 2*z**2 - 2*z + 8. Let u be c(4). Let j = 34 - u. Let w(b) = 5*b - b**3 + 4*b**2 + 0*b - j*b + 6. Determine w(5).
-4
Let u = -28 + 30. Let f(q) = -2*q**2 + q - q**3 + u*q**2 - 4 + 2*q**2 - 5*q**2. Give f(-4).
8
Let t(z) = 149*z**2 + 16*z - 28. Let a(s) = 238*s**2 + 24*s - 41. Let i(q) = 5*a(q) - 8*t(q). Determine i(4).
-45
Let t = -60 + 61. Let d(s) = 0 - 29*s**2 + 66*s**2 - 36*s**2 + 2*s - t. What is d(-4)?
7
Let s(r) be the second derivative of r**5/20 - 3*r**4/4 - 11*r**3/6 + 3*r**2 - 35*r. Let o be (-130)/26 - (-3 + 3*-4). Calculate s(o).
-4
Let m(t) = -1695*t - 8473. Let c be m(-5). Let f(u) = -22*u**2 + 3*u - 3. What is f(c)?
-85
Suppose 0 = -3*n + 3 + 3. Let k be (-2)/(-11) - 9600/(-1408). Let y(g) = -4*g + n*g**2 - 6*g**2 - k - 4*g**2 + 7*g**2. Give y(-5).
-12
Let p(k) = -25*k - 14*k - 1 + 3*k. Let w(v) = 564*v + 2257. Let t be w(-4). Determine p(t).
-37
Suppose 0 = -137*l + 156*l - 7999. Let x = l - 420. Let b(t) = -7*t**2 - 2 + 2*t + 3*t**2 - t. What is b(x)?
-5
Let p(r) = -2*r**3 + 12*r**2 - 8*r + 4. Let f be (-1575)/126*(-2)/5. Give p(f).
14
Let z(l) = l + 1. Let g(k) = k**3 - 11*k**2 - 25*k - 16. Suppose 42*d = 43*d - 13. Let h be g(d). Let p be (-17)/4 + h/(-12). Determine z(p).
-3
Let p be -6*(-5)/90 - 3/(-18)*100. Suppose 5*b = -3*v + 87, 0 = 3*b - 4*v + v - 33. Suppose -4*m - p - b = 0. Let k(a) = a**2 + 7*a - 8. Calculate k(m).
0
Let y(k) = -16*k**3 - 17*k**2 + 3*k - 13. Let t(n) = -19*n**3 - 18*n**2 + 4*n - 12. Let o(x) = 5*t(x) - 6*y(x). What is o(-12)?
-6
Let r(d) be the first derivative of -d**4/4 - d**3/3 + 3*d**2/2 - 2*d - 3591. Let j(h) = h**3 - 5*h**2 - 7*h + 7. Let s be j(6). Determine r(s).
-1
Let y = -73 + 61. Let n be ((-27)/y + -3)/((-3)/12). Suppose -5 = n*u - 5*t + 3*t, 0 = -5*u - 4*t + 21. Let w(b) = 18*b + 1. What is w(u)?
19
Let w(y) = y - 9. Suppose 148 = -3*q + 2*p + 159, 0 = 4*q + 3*p - 26. Give w(q).
-4
Let w(i) = -i**2 - 6*i + 57. Let h be w(-11). Let b(o) = 0*o + h*o - 6*o - 6 + 2*o. What is b(-5)?
4
Let z(a) = -7*a - 35*a - 118 + 108. Let i be z(0). Let j(k) = k**3 + 11*k**2 + 12*k + 10. Give j(i).
-10
Let z be ((-18)/8 - -3)/(18/264). Let w(q) be the first derivative of q**2/2 + 5*q - 2. Determine w(z).
16
Let b(j) = -3*j - 5 - 2*j + 7*j. Let m(y) = -5*y - 3. Let w(c) = -c - 1. Let z(v) = -2*m(v) + 9*w(v). Let h(o) = 4*b(o) - 7*z(o). What is h(4)?
5
Let k = -634 - -635. Let i(d) = 6*d**3 - d. Calculate i(k).
5
Let k be 12/3 + (-3)/(-3). Let s(z) = -k*z**2 + 0*z + 6*z**2 + 2*z + 3. Suppose -4*r - 3*p = 10, 6*p - 71 + 47 = 3*r. Determine s(r).
11
Let f(j) = -j**3 - 11*j**2 - 2*j - 19. Let b be f(-10). Let m = 101 + b. Let k(v) be the third derivative of v**4/4 - v**3/6 + 4*v**2. Give k(m).
11
Let a(m) = 6*m**2 - m + 1. Let b be ((3 - 1) + -1)/1. Let n be a(b). Let s(g) = -1 - g**2 + 8 + 48*g - 14*g - 27*g. Give s(n).
13
Let h(a) be the first derivative of 2*a**3/3 - 3*a**2/2 + 3*a - 53172. Suppose 5 = 2*i + 5*u - 4, -u + 11 = 5*i. Calculate h(i).
5
Let c(n) = 6*n**2 - n - 1. Let u(x) = x**3 - 5*x**2 - 13*x - 16. Let i(l) = c(l) - u(l). What is i(12)?
15
Let q(c) = -c**3 + 12*c**2 + 14*c + 16. Let u be (-1575)/(-120) - (220/(-32) - -7). Give q(u).
29
Let m(b) be the third derivative of -b**6/120 - b**5/3 - 17*b**4/24 + 41*b**3/6 - 42*b**2 - b. Determine m(-19).
3
Let g = 425 + -500. Let f = 82 + g. Let v(r) = -r**2 + 7*r + 6. Calculate v(f).
6
Let t(k) be the second derivative of k**4/3 - 2*k**3/3 + 7*k**2/2 + 4481*k. Determine t(2).
15
Suppose -10*j + 3*j = 49. Let c be 3/9 - j/(-21). Let f(z) = 11*z**2 + 12 + 2*z - z**3 + c*z - 3*z. Determine f(11).
1
Let f(z) = 314*z**3 - 3 + 8*z + 2 + 318*z**3 + 13*z**2 + 312*z**3 - 943*z**3. What is f(-12)?
47
Let w be 2/(3 + -2) + 1. Let j = 118 - 111. Let d(m) = m + j + 12 - 19. What is d(w)?
3
Suppose 9*z - 4*z + l + 43 = 0, 4*l = -3*z - 36. Let c(j) = -12*j - 63. Let f(a) = 19*a + 100. Let r(g) = 5*c(g) + 3*f(g). Give r(z).
9
Let o(q) = -14 - 117*q + 65*q + 59*q - 18. Give o(12).
52
Let b(g) = g**2 - 6*g - 1. Let y(j) = 2*j**3 - 3*j**2 - j + 5. Let r = -133 - -133. Let t be y(r). Give b(t).
-6
Let z(w) be the first derivative of -1/2*w**2 + 0*w - 14 - 1/24*w**4 - 1/3*w**3. Let l(k) be the second derivative of z(k). What is l(-4)?
2
Let z(t) = -5*t + 16. Let y(c) = 9*c - 32. Let u be -3 + (3 + 1 - 7). Let q(s) = u*y(s) - 11*z(s). Calculate q(-10).
6
Suppose 10*m + 36 = 46*m. Let n(d) = -4*d**3 + d**2 - 2*d + 1. Calculate n(m).
-4
Let p(u) = u**2 + 4*u + 3. Suppose w = 4*j + 37, -23 = 4*j - 4*w + 29. Give p(j).
35
Let d be 0 + -2 - -20 - -2. Let k be -3 - d/(-6) - (-16)/6. Let o(j) = 6*j - 3*j + k - j - 2 + j**3 + 5*j**2. Determine o(-5).
-9
Let v(r) = -377*r - 15. Let b(k) = -152*k - 7. Let l(f) = -5*b(f) + 2*v(f). What is l(-6)?
-31
Let y be (-15)/(-10)*2/4*4. Suppose -y*l - 3 = -3. Let b(m) be the second derivative of m**5/20 + m**4/12 - m**3/6 + 7*m**2/2 + 69*m. Give b(l).
7
Let l(x) = -1587 + 794 - 42*x + 2*x**2 + 2*x**2 + 803. Calculate l(11).
32
Suppose 0 = 2*j - 0*j + 10. Let p(w) = -276*w - 2 - 282*w - 283*w - 254